 6*t - 5. Determine w(-4).
3
Let g(o) = 3*o**2 + 13*o + 8. What is g(-7)?
64
Let b(n) = -4*n + 15. Determine b(-6).
39
Let c(r) = -r**3 - 7*r**2 - 11*r + 1. What is c(-5)?
6
Let i(w) = 2*w**3 - 2*w**2 + 3*w + 5. What is i(-2)?
-25
Let g(r) = r**2 + 7*r + 3. Calculate g(-8).
11
Let z(h) = h**3 - h**2 - 5*h + 4. Determine z(3).
7
Let n(t) = -25*t**3. What is n(-1)?
25
Let v(o) = -2*o**3 + 71*o**2 + 34*o + 83. What is v(36)?
11
Let t(h) = 2*h + 49. What is t(-21)?
7
Let t(g) = g**2 + 16*g + 18. Give t(-13).
-21
Let w(f) = -f**3 + 7*f**2 + 9*f - 2. What is w(8)?
6
Let c(i) = -i**3 + 2*i**2 + 2*i - 2. Give c(-3).
37
Let g(m) = 8*m**2 - 12*m - 10. Give g(-1).
10
Let i(z) = -z**2 + 5*z + 7. Determine i(7).
-7
Let d(c) = -c**3 - 52*c**2 + 4. Calculate d(-52).
4
Let z(p) = -3*p + 2. Determine z(-9).
29
Let d(g) = -g**3 + 3*g**2 + 5*g + 2. What is d(4)?
6
Let j(h) = -h**2 - 10*h - 3. Determine j(-10).
-3
Let m(x) = 2*x - 3. Give m(-2).
-7
Let p(d) = -9*d - 29. Give p(-4).
7
Let h(z) = z**2 - 7*z + 4. Determine h(8).
12
Let z(c) = c**3 + 5*c**2 + c - 22. Calculate z(-4).
-10
Let p(w) = -2*w**2 + 25*w + 5. Calculate p(14).
-37
Let o(y) = -9*y - 291. Determine o(-33).
6
Let r(j) = -j + 16. Give r(9).
7
Let x(d) = -3*d**2 + 10*d + 11. Determine x(6).
-37
Let s(d) = 10*d - 40. Calculate s(6).
20
Let m(s) = -s**3 - 5*s**2 + 6*s - 4. Determine m(-6).
-4
Let c(w) = w - 60. Give c(-16).
-76
Let x(w) = -w**3 - 25*w**2 - 38*w + 196. Calculate x(-23).
12
Let t(l) = -l**2 + 6*l - 5. Give t(6).
-5
Let t(x) = -x**3 + 17*x**2 - 53*x + 20. Give t(13).
7
Let u(o) = 3*o + 28. Calculate u(-15).
-17
Let l(r) = -3*r**2 + 26*r + 11. Determine l(9).
2
Let s(a) = 2*a**2 + 50*a - 13. Calculate s(-25).
-13
Let r(p) = p**3 + 9*p**2 + 14*p + 58. Determine r(-10).
-182
Let y(c) = -3*c**2 + 19*c + 6. Determine y(8).
-34
Let z(j) = j**2 - 5*j + 8. Determine z(4).
4
Let m(q) = -3*q**3 + 6*q**2 + 11*q - 7. Give m(4).
-59
Let s(k) = -7*k**2 + 17*k - 3. What is s(3)?
-15
Let w(s) = 17*s - 650. Give w(38).
-4
Let x(q) = q - 18. Give x(8).
-10
Let z(l) = l**3 + 6*l**2 - 13. Calculate z(-6).
-13
Let g(f) = f**3 + 27*f**2 - 2*f - 61. What is g(-27)?
-7
Let o(i) = -i**2 + 3*i - 6. Determine o(2).
-4
Let g(n) = -2*n**3 + 7*n**2 + 12*n - 15. What is g(5)?
-30
Let o(l) = l - 22. What is o(9)?
-13
Let b(z) = z**3 - 11*z**2 + 11*z - 5. Calculate b(10).
5
Let p(q) = 6*q**2 - 6*q + 5. What is p(-4)?
125
Let l(i) = -i**2 - 14*i + 21. Calculate l(-15).
6
Let o(l) = l**3 - 6*l**2 + 7*l. Give o(5).
10
Let s(c) = -2*c**3 - 4*c**2 + c + 5. Give s(-4).
65
Let m(t) = -23*t - 2. Determine m(1).
-25
Let c(y) = -11*y - 145. Determine c(-13).
-2
Let v(f) = 3*f**2 + 2*f + 7. Give v(-4).
47
Let j(h) = h**3 + 16*h**2 + 62*h - 15. Calculate j(-8).
1
Let m(k) = k + 31. What is m(-21)?
10
Let m(i) = -7*i + 12. Give m(3).
-9
Let g(x) = 11*x - 123. What is g(7)?
-46
Let x(o) = 2*o - 51. Determine x(26).
1
Let h(u) = -u**3 - 16*u**2 + 3*u + 47. Give h(-16).
-1
Let m(b) = -18*b + 126. Give m(7).
0
Let o(i) = -i**2 - 14*i + 36. What is o(-16)?
4
Let q(d) = -18*d + 27. Determine q(2).
-9
Let l(z) = -z**2 - 26*z - 6. Determine l(-25).
19
Let z(l) = -l**3 - 9*l**2 - 13*l + 1. Calculate z(-7).
-6
Let f(r) = -2*r**3 + 66*r**2 + 67*r - 6. Calculate f(34).
-40
Let c(w) = -w**3 - 16*w**2 - 13*w - 10. Calculate c(-15).
-40
Let j(u) = -18*u**3 + u**2 - 2*u - 2. What is j(-1)?
19
Let i(n) = n**3 + n**2 - 4*n + 3. What is i(1)?
1
Let z(h) = h**3 + 6*h**2 + 6*h + 32. Calculate z(-6).
-4
Let d(t) = t + 2. Give d(2).
4
Let b(q) = q**3 - q**2 - 4*q - 9. Determine b(-3).
-33
Let y(w) = -6*w**2 - 9*w + 9. Give y(-5).
-96
Let z(i) = i**2 + 9*i - 35. Calculate z(7).
77
Let u(b) = -b**3 - 6*b**2 + 4*b - 3. Determine u(-6).
-27
Let p(g) = -g**3 + 18*g**2 - 19*g + 32. Give p(17).
-2
Let m(n) = -n**3 - 3*n**2 - n. Calculate m(-3).
3
Let m(u) = -u + 7. Give m(-7).
14
Let y(j) = j**3 + 18*j**2 - 29*j - 16. Calculate y(-19).
174
Let z(b) = b + 7. Calculate z(3).
10
Let v(a) = 58*a + 1738. Give v(-30).
-2
Let q(v) = -v**3 - 2*v**2 - 6*v - 7. Determine q(-3).
20
Let c(m) = 103*m - 3. Calculate c(0).
-3
Let d(n) = n**2 + 17*n + 34. Determine d(-11).
-32
Let o(j) = 3*j**2 + 3*j - 5. Give o(2).
13
Let g(r) = r**2 + 9*r + 24. Give g(-12).
60
Let n(z) = z**3 - 30*z**2 - 27*z - 131. Determine n(31).
-7
Let w(a) = -36*a**3 + a**2 - 2. Calculate w(-1).
35
Let f(j) = -7*j + 15. Give f(4).
-13
Let z(d) = -32*d + 7. Give z(-4).
135
Let h(c) = -c**2 + 17*c - 58. What is h(9)?
14
Let x(y) = 2*y**2 + 17*y + 9. What is x(-8)?
1
Let s(q) = -3*q**2 + 18. Calculate s(-5).
-57
Let k(s) = -s**3 - 4*s**2 + 3*s - 2. Give k(-3).
-20
Let p(d) = 3*d + 20. Give p(-21).
-43
Let s(n) = -n**3 - 10*n**2 + 8*n - 17. Determine s(-11).
16
Let a(b) = 4*b - 19. Determine a(-7).
-47
Let n(x) = -x**3 - 4*x**2 + x + 3. Give n(-4).
-1
Let y(k) = k**3 + 14*k**2 - 15*k + 13. Determine y(-15).
13
Let f(c) = -c**3 - 18*c**2 + 20*c + 6. Determine f(-19).
-13
Let g(u) = u**2 + 7*u + 8. What is g(-7)?
8
Let s(p) = 8*p**2 + p + 1. What is s(3)?
76
Let j(l) = -2*l**2 - 23*l - 10. Determine j(-13).
-49
Let c(a) = a**3 - 13*a**2 - 10*a + 15. Give c(14).
71
Let x(h) = -h**2 + 8*h - 14. What is x(9)?
-23
Let a(g) = -g**3 - 7*g**2 - 3*g - 3. Give a(-6).
-21
Let n(p) = 38*p + 302. Calculate n(-8).
-2
Let l(u) = -8*u**2 - 40*u - 29. Calculate l(-4).
3
Let d(h) = -21*h - 1. Determine d(-3).
62
Let d(p) = 57*p**3 - p**2 - p. Give d(-1).
-57
Let t(b) = 2*b**2 - 3*b + 2. Give t(3).
11
Let q(z) = -z**3 - 8*z**2 + 5*z + 12. What is q(-9)?
48
Let v(l) = l**3 + 4*l**2 + 6*l + 2. Give v(-2).
-2
Let p(l) = l**3 + 8*l**2 + 2*l + 3. Calculate p(-8).
-13
Let g(a) = 60*a - 48. Give g(2).
72
Let o(t) = -2*t**2 + 14*t - 4. Determine o(4).
20
Let g(f) = 5*f**3 + 6*f - 7. Give g(1).
4
Let i(m) = m**3 - 21*m**2 + 102*m + 28. What is i(13)?
2
Let m(p) = -p**2 - 12*p + 31. What is m(-14)?
3
Let f(d) = -22*d + 295. What is f(13)?
9
Let j(u) = 2*u**2 - u - 3. Give j(-5).
52
Let i(a) = -8*a - 28. Determine i(-4).
4
Let a(d) = d**2 - 32*d + 34. Calculate a(28).
-78
Let k(y) = -6*y - 34. What is k(-6)?
2
Let b(v) = 2*v**2 + v + 3. Give b(6).
81
Let p(h) = 2*h + 69. Determine p(0).
69
Let c(b) = b**3 + 6*b**2 - 8*b + 9. Determine c(-7).
16
Let x(y) = -y**2 - 4*y - 23. Calculate x(0).
-23
Let n(u) = u**3 + 6*u**2 - 6*u - 1. Give n(-7).
-8
Let a(o) = 37*o + 7. Give a(-3).
-104
Let x(l) = -l**3 + 26*l**2 - 3*l + 78. Determine x(26).
0
Let o(r) = 2*r. What is o(-3)?
-6
Let y(m) = m**2 - 12*m - 21. Determine y(13).
-8
Let n(l) = l**3 + 28*l**2 - 98*l - 150. What is n(-31)?
5
Let i(l) = l**2 + 54*l + 103. Give i(-2).
-1
Let d(k) = k + 2. Determine d(3).
5
Let l(k) = -k**3 - 3*k**2 + 5*k + 4. Calculate l(-4).
0
Let i(r) = 2*r**3 + 21*r**2 + 16*r + 30. Determine i(-10).
-30
Let k(n) = 21*n + 2. Give k(-2).
-40
Let w(n) = 19*n + 4. Give w(-3).
-53
Let q(y) = 6*y + 13. Calculate q(-10).
-47
Let z(d) = -3*d**3 + 4*d**2 - 2*d. Determine z(2).
-12
Let q(x) = x**3 - 18*x**2 - 17*x + 1. Calculate q(19).
39
Let k(s) = s + 2. Determine k(-6).
-4
Let c(g) = g**3 + 5*g**2 + 11*g + 6. Determine c(-5).
-49
Let n(f) = f**3 - 29*f**2 + 4*f - 10. Determine n(29).
106
Let d(o) = o**3 - 3*o**2 + 2*o - 3. Determine d(2).
-3
Let n(m) = 15*m - 1. Determine n(-1).
-16
Let h(n) = n**2 - 3*n - 9. What is h(6)?
9
Let w(h) = -h**3 - 22*h**2 + 27*h + 88. Determine w(-23).
-4
Let r(y) = -2*y**3 + 5*y + 7. What is r(-2)?
13
Let g(z) = -50*z**2 + z + 1. Give g(-1).
-50
Let t(x) = -x**3 + 5*x**2 - 3. Determine t(4).
13
Let g(q) = q**2 + 5*q - 41. Determine g(-10).
9
Let i(g) = -g**3 - 13*g**2 - 3*g - 12. What is i(-13)?
27
Let x(b) = b**3 - 8*b**2 - 9*b - 22. Determine x(9).
-22
Let w(m) = 8*m. Give w(6).
48
Let c(u) = -5*u + 4. Give c(-5).
29
Let b(h) = h**3 + 11*h**2 + 4*h - 1. What is b(-11)?
-45
Let v(j) = 3*j - 24. Determine v(11).
9
Let i(u) = -8*u. What is i(-3)?
24
Let n(h) = -h**3 + 5*h**2 - 7*h + 1. Give n(6).
-77
Let y(i) = -i**3 - 9*i**2 - 11*i + 6. Determine y(-8).
30
Let s(m) = -11*m - 120. Calculate s(-11).
1
Let i(a) = a**3 + 12*a**2 + 3*a - 6. What is i(-12)?
-42
Let l(k) = k**2 + 72*k + 328. Calculate l(-67).
-7
Let s(z) = z**2 - 4*z - 4. Calculate s(4).
-4
Let p(x) = -x**2 + 13*x + 10. Determine p(13).
10
Let g(x) = 3*x**2 + 36*x + 46. Give g(-14